[INFO] cloning repository https://github.com/althea-mesh/althea_rs
[INFO] running `Command { std: "git" "-c" "credential.helper=" "-c" "credential.helper=/workspace/cargo-home/bin/git-credential-null" "clone" "--bare" "https://github.com/althea-mesh/althea_rs" "/workspace/cache/git-repos/https%3A%2F%2Fgithub.com%2Falthea-mesh%2Falthea_rs", kill_on_drop: false }`
[INFO] [stderr] Cloning into bare repository '/workspace/cache/git-repos/https%3A%2F%2Fgithub.com%2Falthea-mesh%2Falthea_rs'...
[INFO] running `Command { std: "git" "rev-parse" "HEAD", kill_on_drop: false }`
[INFO] [stdout] 1fe95f28b9a181e68419e5eea28209dafdadf3f5
[INFO] checking althea-mesh/althea_rs against master#9610dfe5a9a731ced1ea4923ecbd0c57fe367898 for beta-170-4
[INFO] running `Command { std: "git" "clone" "/workspace/cache/git-repos/https%3A%2F%2Fgithub.com%2Falthea-mesh%2Falthea_rs" "/workspace/builds/worker-7-tc1/source", kill_on_drop: false }`
[INFO] [stderr] Cloning into '/workspace/builds/worker-7-tc1/source'...
[INFO] [stderr] done.
[INFO] validating manifest of git repo https://github.com/althea-mesh/althea_rs on toolchain 9610dfe5a9a731ced1ea4923ecbd0c57fe367898
[INFO] running `Command { std: CARGO_HOME="/workspace/cargo-home" RUSTUP_HOME="/workspace/rustup-home" "/workspace/cargo-home/bin/cargo" "+9610dfe5a9a731ced1ea4923ecbd0c57fe367898" "metadata" "--manifest-path" "Cargo.toml" "--no-deps", kill_on_drop: false }`
[INFO] started tweaking git repo https://github.com/althea-mesh/althea_rs
[INFO] finished tweaking git repo https://github.com/althea-mesh/althea_rs
[INFO] tweaked toml for git repo https://github.com/althea-mesh/althea_rs written to /workspace/builds/worker-7-tc1/source/Cargo.toml
[INFO] crate git repo https://github.com/althea-mesh/althea_rs already has a lockfile, it will not be regenerated
[INFO] running `Command { std: CARGO_HOME="/workspace/cargo-home" RUSTUP_HOME="/workspace/rustup-home" "/workspace/cargo-home/bin/cargo" "+9610dfe5a9a731ced1ea4923ecbd0c57fe367898" "fetch" "--manifest-path" "Cargo.toml", kill_on_drop: false }`
[INFO] [stderr]     Blocking waiting for file lock on package cache
[INFO] [stderr]     Updating crates.io index
[INFO] [stderr]     Blocking waiting for file lock on package cache
[INFO] [stderr]  Downloading crates ...
[INFO] [stderr]   Downloaded ipnetwork v0.20.0
[INFO] [stderr]   Downloaded compressed_log v0.5.4
[INFO] [stderr]   Downloaded cosmos-sdk-proto-althea v0.13.3
[INFO] [stderr]   Downloaded scheduled-thread-pool v0.2.7
[INFO] [stderr]   Downloaded email_address v0.2.4
[INFO] [stderr]   Downloaded mac_address v1.1.4
[INFO] [stderr]   Downloaded email-encoding v0.2.0
[INFO] [stderr]   Downloaded ipgen v1.0.2
[INFO] [stderr]   Downloaded clarity v1.2.0
[INFO] [stderr]   Downloaded secp256k1 v0.27.0
[INFO] [stderr]   Downloaded oping v0.3.5
[INFO] [stderr]   Downloaded handlebars v4.3.7
[INFO] [stderr]   Downloaded bnum v0.5.0
[INFO] [stderr]   Downloaded lettre v0.10.4
[INFO] [stderr]   Downloaded deep_space v2.20.0
[INFO] [stderr]   Downloaded cosmos-sdk-proto-althea v0.14.0
[INFO] [stderr]   Downloaded openssh-keys v0.6.0
[INFO] [stderr]   Downloaded ascii v1.1.0
[INFO] [stderr]   Downloaded althea_proto v0.1.0
[INFO] [stderr]   Downloaded num256 v0.5.1
[INFO] [stderr]   Downloaded regex-cache v0.2.1
[INFO] [stderr]   Downloaded quoted_printable v0.4.8
[INFO] [stderr]   Downloaded oncemutex v0.1.1
[INFO] [stderr]   Downloaded sodiumoxide v0.2.7
[INFO] [stderr]   Downloaded secp256k1-sys v0.8.1
[INFO] [stderr]   Downloaded phonenumber v0.3.2+8.13.9
[INFO] [stderr]   Downloaded web30 v1.1.0
[INFO] running `Command { std: "docker" "create" "-v" "/var/lib/crater-agent-workspace/builds/worker-7-tc1/target:/opt/rustwide/target:rw,Z" "-v" "/var/lib/crater-agent-workspace/builds/worker-7-tc1/source:/opt/rustwide/workdir:ro,Z" "-v" "/var/lib/crater-agent-workspace/cargo-home:/opt/rustwide/cargo-home:ro,Z" "-v" "/var/lib/crater-agent-workspace/rustup-home:/opt/rustwide/rustup-home:ro,Z" "-e" "SOURCE_DIR=/opt/rustwide/workdir" "-e" "CARGO_TARGET_DIR=/opt/rustwide/target" "-e" "CARGO_HOME=/opt/rustwide/cargo-home" "-e" "RUSTUP_HOME=/opt/rustwide/rustup-home" "-w" "/opt/rustwide/workdir" "-m" "1610612736" "--user" "0:0" "--network" "none" "ghcr.io/rust-lang/crates-build-env/linux@sha256:19e73879b68f455e41552ea35293514db52ea292d993f571636dbffedb77a1ee" "/opt/rustwide/cargo-home/bin/cargo" "+9610dfe5a9a731ced1ea4923ecbd0c57fe367898" "metadata" "--no-deps" "--format-version=1", kill_on_drop: false }`
[INFO] [stdout] 1a6e09aa9fbef6ca3089e27da0fcfaf1a9bc760fa76593cad1ae1b763489937e
[INFO] running `Command { std: "docker" "start" "-a" "1a6e09aa9fbef6ca3089e27da0fcfaf1a9bc760fa76593cad1ae1b763489937e", kill_on_drop: false }`
[INFO] running `Command { std: "docker" "inspect" "1a6e09aa9fbef6ca3089e27da0fcfaf1a9bc760fa76593cad1ae1b763489937e", kill_on_drop: false }`
[INFO] running `Command { std: "docker" "rm" "-f" "1a6e09aa9fbef6ca3089e27da0fcfaf1a9bc760fa76593cad1ae1b763489937e", kill_on_drop: false }`
[INFO] [stdout] 1a6e09aa9fbef6ca3089e27da0fcfaf1a9bc760fa76593cad1ae1b763489937e
[INFO] running `Command { std: "docker" "create" "-v" "/var/lib/crater-agent-workspace/builds/worker-7-tc1/target:/opt/rustwide/target:rw,Z" "-v" "/var/lib/crater-agent-workspace/builds/worker-7-tc1/source:/opt/rustwide/workdir:ro,Z" "-v" "/var/lib/crater-agent-workspace/cargo-home:/opt/rustwide/cargo-home:ro,Z" "-v" "/var/lib/crater-agent-workspace/rustup-home:/opt/rustwide/rustup-home:ro,Z" "-e" "SOURCE_DIR=/opt/rustwide/workdir" "-e" "CARGO_TARGET_DIR=/opt/rustwide/target" "-e" "CARGO_INCREMENTAL=0" "-e" "RUST_BACKTRACE=full" "-e" "RUSTFLAGS=--cap-lints=forbid" "-e" "RUSTDOCFLAGS=--cap-lints=forbid" "-e" "CARGO_HOME=/opt/rustwide/cargo-home" "-e" "RUSTUP_HOME=/opt/rustwide/rustup-home" "-w" "/opt/rustwide/workdir" "-m" "1610612736" "--user" "0:0" "--network" "none" "ghcr.io/rust-lang/crates-build-env/linux@sha256:19e73879b68f455e41552ea35293514db52ea292d993f571636dbffedb77a1ee" "/opt/rustwide/cargo-home/bin/cargo" "+9610dfe5a9a731ced1ea4923ecbd0c57fe367898" "check" "--frozen" "--all" "--all-targets" "--message-format=json", kill_on_drop: false }`
[INFO] [stdout] abc4193f341f41e6865e0377f8530733a0b0ca9e847d249cbdbf055aa505c9e6
[INFO] running `Command { std: "docker" "start" "-a" "abc4193f341f41e6865e0377f8530733a0b0ca9e847d249cbdbf055aa505c9e6", kill_on_drop: false }`
[INFO] [stderr]    Compiling libc v0.2.144
[INFO] [stderr]    Compiling proc-macro2 v1.0.57
[INFO] [stderr]    Compiling quote v1.0.27
[INFO] [stderr]    Compiling log v0.4.17
[INFO] [stderr]     Checking once_cell v1.17.1
[INFO] [stderr]    Compiling serde v1.0.163
[INFO] [stderr]    Compiling pkg-config v0.3.27
[INFO] [stderr]    Compiling tokio v1.28.1
[INFO] [stderr]    Compiling slab v0.4.8
[INFO] [stderr]    Compiling futures-task v0.3.28
[INFO] [stderr]    Compiling futures-channel v0.3.28
[INFO] [stderr]    Compiling futures-util v0.3.28
[INFO] [stderr]     Checking futures-io v0.3.28
[INFO] [stderr]     Checking futures v0.1.31
[INFO] [stderr]    Compiling syn v1.0.109
[INFO] [stderr]     Checking http v0.2.9
[INFO] [stderr]     Checking ppv-lite86 v0.2.17
[INFO] [stderr]     Checking tracing-core v0.1.31
[INFO] [stderr]    Compiling openssl v0.10.52
[INFO] [stderr]     Checking mime v0.3.17
[INFO] [stderr]    Compiling num-traits v0.2.15
[INFO] [stderr]     Checking miniz_oxide v0.7.1
[INFO] [stderr]    Compiling thiserror v1.0.40
[INFO] [stderr]    Compiling serde_json v1.0.96
[INFO] [stderr]     Checking try-lock v0.2.4
[INFO] [stderr]     Checking want v0.3.0
[INFO] [stderr]    Compiling anyhow v1.0.71
[INFO] [stderr]     Checking tinyvec_macros v0.1.1
[INFO] [stderr]    Compiling either v1.8.1
[INFO] [stderr]    Compiling async-trait v0.1.68
[INFO] [stderr]     Checking tinyvec v1.6.0
[INFO] [stderr]    Compiling rustls v0.20.8
[INFO] [stderr]     Checking base64 v0.13.1
[INFO] [stderr]     Checking http-range-header v0.3.0
[INFO] [stderr]    Compiling itertools v0.10.5
[INFO] [stderr]    Compiling syn v2.0.16
[INFO] [stderr]    Compiling io-lifetimes v1.0.10
[INFO] [stderr]    Compiling memchr v2.5.0
[INFO] [stderr]     Checking flate2 v1.0.26
[INFO] [stderr]     Checking http-body v0.4.5
[INFO] [stderr]     Checking matchit v0.5.0
[INFO] [stderr]     Checking unicode-bidi v0.3.13
[INFO] [stderr]     Checking keccak v0.1.4
[INFO] [stderr]    Compiling native-tls v0.2.11
[INFO] [stderr]    Compiling rustix v0.37.19
[INFO] [stderr]     Checking sync_wrapper v0.1.2
[INFO] [stderr]     Checking sha3 v0.10.8
[INFO] [stderr]    Compiling same-file v1.0.6
[INFO] [stderr]     Checking linux-raw-sys v0.3.7
[INFO] [stderr]     Checking unicode-normalization v0.1.22
[INFO] [stderr]    Compiling walkdir v2.3.3
[INFO] [stderr]    Compiling regex-syntax v0.7.1
[INFO] [stderr]     Checking linked-hash-map v0.5.6
[INFO] [stderr]    Compiling rust_decimal v1.29.1
[INFO] [stderr]     Checking bnum v0.5.0
[INFO] [stderr]    Compiling paste v1.0.12
[INFO] [stderr]     Checking lru-cache v0.1.2
[INFO] [stderr]     Checking nom v7.1.3
[INFO] [stderr]     Checking oncemutex v0.1.1
[INFO] [stderr]    Compiling aho-corasick v1.0.1
[INFO] [stderr]    Compiling quick-xml v0.28.2
[INFO] [stderr]    Compiling jobserver v0.1.26
[INFO] [stderr]     Checking ascii v1.1.0
[INFO] [stderr]     Checking regex-syntax v0.6.29
[INFO] [stderr]    Compiling cc v1.0.79
[INFO] [stderr]     Checking parking_lot_core v0.9.7
[INFO] [stderr]     Checking num_cpus v1.15.0
[INFO] [stderr]     Checking socket2 v0.4.9
[INFO] [stderr]     Checking signal-hook-registry v1.4.1
[INFO] [stderr]     Checking mio v0.8.6
[INFO] [stderr]     Checking parking_lot v0.12.1
[INFO] [stderr]     Checking getrandom v0.2.9
[INFO] [stderr]     Checking idna v0.3.0
[INFO] [stderr]     Checking signature v1.6.4
[INFO] [stderr]     Checking rand_core v0.6.4
[INFO] [stderr]     Checking local-waker v0.1.3
[INFO] [stderr]     Checking ed25519 v1.5.3
[INFO] [stderr]     Checking uuid v1.3.3
[INFO] [stderr]     Checking hostname v0.3.1
[INFO] [stderr]     Checking rand_chacha v0.3.1
[INFO] [stderr]     Checking rand v0.8.5
[INFO] [stderr]     Checking pbkdf2 v0.12.1
[INFO] [stderr]    Compiling openssl-src v111.25.3+1.1.1t
[INFO] [stderr]     Checking email-encoding v0.2.0
[INFO] [stderr]     Checking ripemd v0.1.3
[INFO] [stderr]     Checking alloc-no-stdlib v2.0.4
[INFO] [stderr]     Checking bech32 v0.9.1
[INFO] [stderr]     Checking quoted_printable v0.4.8
[INFO] [stderr]    Compiling tokio-openssl v0.6.3
[INFO] [stderr]     Checking email_address v0.2.4
[INFO] [stderr]    Compiling zstd-safe v6.0.5+zstd.1.5.4
[INFO] [stderr]     Checking alloc-stdlib v0.2.2
[INFO] [stderr]     Checking actix-utils v3.0.1
[INFO] [stderr]    Compiling ahash v0.8.3
[INFO] [stderr]     Checking actix-service v2.0.2
[INFO] [stderr]    Compiling time-core v0.1.1
[INFO] [stderr]     Checking brotli-decompressor v2.3.4
[INFO] [stderr]    Compiling time-macros v0.2.9
[INFO] [stderr]    Compiling ahash v0.7.6
[INFO] [stderr]     Checking encoding_rs v0.8.32
[INFO] [stderr]     Checking bytestring v1.3.0
[INFO] [stderr]    Compiling openssl-sys v0.9.87
[INFO] [stderr]    Compiling ring v0.16.20
[INFO] [stderr]    Compiling secp256k1-sys v0.8.1
[INFO] [stderr]    Compiling libsodium-sys v0.2.7
[INFO] [stderr]    Compiling zstd-sys v2.0.8+zstd.1.5.5
[INFO] [stderr]     Checking regex-cache v0.2.1
[INFO] [stderr]    Compiling regex v1.8.1
[INFO] [stderr]    Compiling convert_case v0.4.0
[INFO] [stderr]     Checking is-terminal v0.4.7
[INFO] [stderr]     Checking sha1 v0.10.5
[INFO] [stderr]     Checking env_logger v0.10.0
[INFO] [stderr]    Compiling num-integer v0.1.45
[INFO] [stderr]     Checking language-tags v0.3.2
[INFO] [stderr]     Checking brotli v3.3.4
[INFO] [stderr]    Compiling cookie v0.16.2
[INFO] [stderr]    Compiling oping v0.3.5
[INFO] [stderr]    Compiling num-bigint v0.4.3
[INFO] [stderr]     Checking nix v0.23.2
[INFO] [stderr]    Compiling num-rational v0.4.1
[INFO] [stderr]    Compiling num-iter v0.1.43
[INFO] [stderr]     Checking num-complex v0.4.3
[INFO] [stderr]    Compiling crossbeam-utils v0.8.15
[INFO] [stderr]     Checking byteorder v1.4.3
[INFO] [stderr]     Checking url v2.3.1
[INFO] [stderr]     Checking instant v0.1.12
[INFO] [stderr]     Checking time v0.3.21
[INFO] [stderr]     Checking backoff v0.4.0
[INFO] [stderr]     Checking half v1.8.2
[INFO] [stderr]    Compiling hex-literal v0.3.4
[INFO] [stderr]     Checking blake2 v0.10.6
[INFO] [stderr]     Checking c_linked_list v1.1.1
[INFO] [stderr]     Checking get_if_addrs v0.5.3
[INFO] [stderr]     Checking md-5 v0.10.5
[INFO] [stderr]    Compiling pq-sys v0.4.8
[INFO] [stderr]    Compiling ucd-trie v0.1.5
[INFO] [stderr]     Checking crossbeam-channel v0.5.8
[INFO] [stderr]     Checking scheduled-thread-pool v0.2.7
[INFO] [stderr]    Compiling memoffset v0.7.1
[INFO] [stderr] error: failed to run custom build command for `oping v0.3.5`
[INFO] [stderr] note: To improve backtraces for build dependencies, set the CARGO_PROFILE_DEV_BUILD_OVERRIDE_DEBUG=true environment variable to enable debug information generation.
[INFO] [stderr] 
[INFO] [stderr] Caused by:
[INFO] [stderr]   process didn't exit successfully: `/opt/rustwide/target/debug/build/oping-1ebce9c8a099f142/build-script-build` (exit status: 101)
[INFO] [stderr]   --- stderr
[INFO] [stderr]   aclocal: warning: couldn't open directory 'm4': No such file or directory
[INFO] [stderr]   autom4te: error: cannot create autom4te.cache in /opt/rustwide/cargo-home/registry/src/index.crates.io-6f17d22bba15001f/oping-0.3.5/liboping: Read-only file system
[INFO] [stderr]   aclocal: error: /usr/bin/autom4te failed with exit status: 1
[INFO] [stderr]   autoreconf: error: aclocal failed with exit status: 1
[INFO] [stderr]   thread 'main' panicked at 'called `Result::unwrap()` on an `Err` value: Os { code: 2, kind: NotFound, message: "No such file or directory" }', /opt/rustwide/cargo-home/registry/src/index.crates.io-6f17d22bba15001f/oping-0.3.5/build.rs:38:10
[INFO] [stderr]   stack backtrace:
[INFO] [stderr]      0:     0x55cfa6260131 - std::backtrace_rs::backtrace::libunwind::trace::h036e87df56fc4b9d
[INFO] [stderr]                                  at /rustc/9610dfe5a9a731ced1ea4923ecbd0c57fe367898/library/std/src/../../backtrace/src/backtrace/libunwind.rs:93:5
[INFO] [stderr]      1:     0x55cfa6260131 - std::backtrace_rs::backtrace::trace_unsynchronized::hd61eb2dbd6ae476a
[INFO] [stderr]                                  at /rustc/9610dfe5a9a731ced1ea4923ecbd0c57fe367898/library/std/src/../../backtrace/src/backtrace/mod.rs:66:5
[INFO] [stderr]      2:     0x55cfa6260131 - std::sys_common::backtrace::_print_fmt::h00c50d0875db23c9
[INFO] [stderr]                                  at /rustc/9610dfe5a9a731ced1ea4923ecbd0c57fe367898/library/std/src/sys_common/backtrace.rs:65:5
[INFO] [stderr]      3:     0x55cfa6260131 - <std::sys_common::backtrace::_print::DisplayBacktrace as core::fmt::Display>::fmt::h63195ab2dde77ccc
[INFO] [stderr]                                  at /rustc/9610dfe5a9a731ced1ea4923ecbd0c57fe367898/library/std/src/sys_common/backtrace.rs:44:22
[INFO] [stderr]      4:     0x55cfa628344f - core::fmt::rt::Argument::fmt::h83f4110348c688f4
[INFO] [stderr]                                  at /rustc/9610dfe5a9a731ced1ea4923ecbd0c57fe367898/library/core/src/fmt/rt.rs:138:9
[INFO] [stderr]      5:     0x55cfa628344f - core::fmt::write::h509367dd365f983a
[INFO] [stderr]                                  at /rustc/9610dfe5a9a731ced1ea4923ecbd0c57fe367898/library/core/src/fmt/mod.rs:1094:21
[INFO] [stderr]      6:     0x55cfa625cc71 - std::io::Write::write_fmt::h8e60bfebdaabfee5
[INFO] [stderr]                                  at /rustc/9610dfe5a9a731ced1ea4923ecbd0c57fe367898/library/std/src/io/mod.rs:1713:15
[INFO] [stderr]      7:     0x55cfa625ff45 - std::sys_common::backtrace::_print::h96e550016098cde6
[INFO] [stderr]                                  at /rustc/9610dfe5a9a731ced1ea4923ecbd0c57fe367898/library/std/src/sys_common/backtrace.rs:47:5
[INFO] [stderr]      8:     0x55cfa625ff45 - std::sys_common::backtrace::print::h7a049611b153a02e
[INFO] [stderr]                                  at /rustc/9610dfe5a9a731ced1ea4923ecbd0c57fe367898/library/std/src/sys_common/backtrace.rs:34:9
[INFO] [stderr]      9:     0x55cfa6261cb7 - std::panicking::default_hook::{{closure}}::h1b023d46676794c4
[INFO] [stderr]     10:     0x55cfa6261aa4 - std::panicking::default_hook::hea2961dabcf68e83
[INFO] [stderr]                                  at /rustc/9610dfe5a9a731ced1ea4923ecbd0c57fe367898/library/std/src/panicking.rs:288:9
[INFO] [stderr]     11:     0x55cfa626216c - std::panicking::rust_panic_with_hook::h4285c91a8168b001
[INFO] [stderr]                                  at /rustc/9610dfe5a9a731ced1ea4923ecbd0c57fe367898/library/std/src/panicking.rs:705:13
[INFO] [stderr]     12:     0x55cfa6262067 - std::panicking::begin_panic_handler::{{closure}}::h6ebd0d46f0c6b010
[INFO] [stderr]                                  at /rustc/9610dfe5a9a731ced1ea4923ecbd0c57fe367898/library/std/src/panicking.rs:597:13
[INFO] [stderr]     13:     0x55cfa6260566 - std::sys_common::backtrace::__rust_end_short_backtrace::h92042d128576b63a
[INFO] [stderr]                                  at /rustc/9610dfe5a9a731ced1ea4923ecbd0c57fe367898/library/std/src/sys_common/backtrace.rs:151:18
[INFO] [stderr]     14:     0x55cfa6261db2 - rust_begin_unwind
[INFO] [stderr]                                  at /rustc/9610dfe5a9a731ced1ea4923ecbd0c57fe367898/library/std/src/panicking.rs:593:5
[INFO] [stderr]     15:     0x55cfa61be603 - core::panicking::panic_fmt::h65404fc8061ee73a
[INFO] [stderr]                                  at /rustc/9610dfe5a9a731ced1ea4923ecbd0c57fe367898/library/core/src/panicking.rs:67:14
[INFO] [stderr]     16:     0x55cfa61bead3 - core::result::unwrap_failed::h32fb969d6bae75cc
[INFO] [stderr]                                  at /rustc/9610dfe5a9a731ced1ea4923ecbd0c57fe367898/library/core/src/result.rs:1651:5
[INFO] [stderr]     17:     0x55cfa61c00e4 - core::result::Result<T,E>::unwrap::h7c5b336fca0fad5b
[INFO] [stderr]     18:     0x55cfa61bf38b - build_script_build::build_and_statically_link::h4ebc8abe646bb01f
[INFO] [stderr]     19:     0x55cfa61bee8f - build_script_build::main::h53a65a5a1c6af7ca
[INFO] [stderr]     20:     0x55cfa61bfff3 - core::ops::function::FnOnce::call_once::hd2e6b4ada8cd88af
[INFO] [stderr]     21:     0x55cfa61bffd6 - std::sys_common::backtrace::__rust_begin_short_backtrace::h500ec9e3dfae8fd3
[INFO] [stderr]     22:     0x55cfa61bf599 - std::rt::lang_start::{{closure}}::h46d7108c3051fafa
[INFO] [stderr]     23:     0x55cfa6258935 - core::ops::function::impls::<impl core::ops::function::FnOnce<A> for &F>::call_once::h49ef85a8a8d45198
[INFO] [stderr]                                  at /rustc/9610dfe5a9a731ced1ea4923ecbd0c57fe367898/library/core/src/ops/function.rs:284:13
[INFO] [stderr]     24:     0x55cfa6258935 - std::panicking::try::do_call::ha1def14af693a135
[INFO] [stderr]                                  at /rustc/9610dfe5a9a731ced1ea4923ecbd0c57fe367898/library/std/src/panicking.rs:500:40
[INFO] [stderr]     25:     0x55cfa6258935 - std::panicking::try::haa3dc2a1139932e2
[INFO] [stderr]                                  at /rustc/9610dfe5a9a731ced1ea4923ecbd0c57fe367898/library/std/src/panicking.rs:464:19
[INFO] [stderr]     26:     0x55cfa6258935 - std::panic::catch_unwind::h9d9cbebaf9f15c67
[INFO] [stderr]                                  at /rustc/9610dfe5a9a731ced1ea4923ecbd0c57fe367898/library/std/src/panic.rs:142:14
[INFO] [stderr]     27:     0x55cfa6258935 - std::rt::lang_start_internal::{{closure}}::hf660a772669a69cc
[INFO] [stderr]                                  at /rustc/9610dfe5a9a731ced1ea4923ecbd0c57fe367898/library/std/src/rt.rs:148:48
[INFO] [stderr]     28:     0x55cfa6258935 - std::panicking::try::do_call::hb1c34715bb9b1c46
[INFO] [stderr]                                  at /rustc/9610dfe5a9a731ced1ea4923ecbd0c57fe367898/library/std/src/panicking.rs:500:40
[INFO] [stderr]     29:     0x55cfa6258935 - std::panicking::try::h499866fd990da8f1
[INFO] [stderr]                                  at /rustc/9610dfe5a9a731ced1ea4923ecbd0c57fe367898/library/std/src/panicking.rs:464:19
[INFO] [stderr]     30:     0x55cfa6258935 - std::panic::catch_unwind::hac1ffec55b72e7bc
[INFO] [stderr]                                  at /rustc/9610dfe5a9a731ced1ea4923ecbd0c57fe367898/library/std/src/panic.rs:142:14
[INFO] [stderr]     31:     0x55cfa6258935 - std::rt::lang_start_internal::h0fecf91cd579e7b6
[INFO] [stderr]                                  at /rustc/9610dfe5a9a731ced1ea4923ecbd0c57fe367898/library/std/src/rt.rs:148:20
[INFO] [stderr]     32:     0x55cfa61bf577 - std::rt::lang_start::ha672f68be196ee45
[INFO] [stderr]     33:     0x55cfa61bf4b5 - main
[INFO] [stderr]     34:     0x7f136ef0fd90 - <unknown>
[INFO] [stderr]     35:     0x7f136ef0fe40 - __libc_start_main
[INFO] [stderr]     36:     0x55cfa61bed95 - _start
[INFO] [stderr]     37:                0x0 - <unknown>
[INFO] [stderr] warning: build failed, waiting for other jobs to finish...
[INFO] running `Command { std: "docker" "inspect" "abc4193f341f41e6865e0377f8530733a0b0ca9e847d249cbdbf055aa505c9e6", kill_on_drop: false }`
[INFO] running `Command { std: "docker" "rm" "-f" "abc4193f341f41e6865e0377f8530733a0b0ca9e847d249cbdbf055aa505c9e6", kill_on_drop: false }`
[INFO] [stdout] abc4193f341f41e6865e0377f8530733a0b0ca9e847d249cbdbf055aa505c9e6
